 + 24?
28
Evaluate 0 - 1 - (-8 + 7) - (-57 - -36).
21
15 + (23 - 61) - -9
-14
(-2 - -8 - 2 - (-147 - -155)) + 11
7
What is the value of -1 - -24 - (-902 + 936)?
-11
11 + (-16 + 0 - -8)
3
What is the value of 11 + -1 + (10 - (-5 - -20))?
5
What is -1 + -25 - (2177 + -2180)?
-23
What is 0 + (-6 - -5) + (4 - (-10 + -1))?
14
What is the value of 15 + (10 - 1) + -13?
11
Calculate 4 - (-1 - -16) - (-6 + (-8 - -8)).
-5
Evaluate (-3 - -9) + -7 - -10 - 4.
5
What is -6 + (-3 - (-7 + 3) - -1) + 6?
2
What is the value of 7 + (8 - 14) - 19?
-18
Evaluate 10 + -11 + -3 + 0 + -2 + 20.
14
Evaluate (7 - (6 + -3 + (2 - 7))) + -2.
7
Calculate 35 - (10 + 6 + -4).
23
-5 + 1 + (-2 - -22) + (-3 - 2)
11
What is -20 - (-9 - 23) - 33?
-21
-9 - (-8 + 9 + -2 + -2)
-6
What is the value of 2 + (-11 - -5) + -31 + 0?
-35
What is 8 + (-20 - (-2 - 3) - -2) + 25?
20
What is the value of -19 + (17 - (-9 - -22)) - (1 + -4)?
-12
Calculate -1 + -5 + 8 + 4 + -2.
4
-369 + 345 - (-3 + 0)
-21
What is the value of -6 + (-20 + 28 - (-3 + 11)) + -13?
-19
20 + 0 + -7 - (40 + -9)
-18
What is -8 - ((-14 - -26) + -11)?
-9
What is the value of -15 + -1 + -16 + 13?
-19
(-6 - 4) + -33 + 30
-13
What is 28 + (7 - (-25 - -50))?
10
-11 + 8 + 3 + 17 + -3 + -1
13
Calculate -2 - (1 + (-4 - -2)) - 6.
-7
Evaluate 1 - (-11 - (4 - 3) - 18).
31
What is -1 + (5 + 4 - -3) - 21?
-10
-16 - (8 + -27 - (-16 + 7))
-6
What is -2 - (-6 - (-5 + -5) - (7 - -4))?
5
Calculate (2 - (-3 + (-4 - -4))) + (36 - 24).
17
-1 + -8 + -30 + 21 + 12 + 33
27
Evaluate (-1 - 4) + (-49 - -56) - (-9 + -1).
12
(-1290 - -1282) + (32 - -1)
25
Calculate (-2 - 12) + (11 + -50 - -54).
1
What is (0 - 6) + 36 + -23 - (6 + 8)?
-7
What is the value of -14 - (-12 - (-19 + -10 - -12))?
-19
What is -11 - (-23 + 14 + 2)?
-4
What is the value of -443 + 448 + (-22 - (1 - 2))?
-16
What is (-9 - (2 - (-9 - -4))) + (-14 - -7)?
-23
Evaluate (-3 - 2) + 6 + (-10 - -13) + -1.
3
Calculate 22 + -11 + (-5 - (-1 - -4)).
3
What is the value of -19 - 20 - (-22 - (0 - 9) - -5)?
-31
Evaluate 18 + (-26 - 9) - -16.
-1
What is the value of 0 + 1 - (-1 + 9 + 6)?
-13
Calculate -4 + -4 + 10 + -15.
-13
Evaluate (-3 - (-3 + -3)) + -2.
1
What is the value of (-2 - (-1 - -2)) + 1636 + -1634?
-1
Calculate 9 - ((-47 - -68) + 0 + -8).
-4
What is (-5 - (-6 + 2)) + (9 - (13 - 8))?
3
Evaluate (3 - (-3 - -3)) + -88 + 76.
-9
4 + -6 + 4 + 2 - (63 - 34)
-25
Calculate -2 - 4 - (0 - 20).
14
Calculate -1 + 11 - (0 - (-7 - 1)).
2
5 + -4 + 3 + -6 - 7
-9
What is the value of (22 - (-6 - -20)) + (-22 - -1)?
-13
-1 - (0 + -2) - (-248 + 246) - -6
9
11 - (-12 + 23 - (1 + -16))
-15
What is 8 + (-7 - (-12 + (4 - -2)))?
7
Evaluate -11 + -6 + -1 - (-7 + 1 + -1).
-11
-27 - (-28 + (5 - -14))
-18
What is (-1 - -6 - 3) + 39 + -27?
14
Calculate 4 + (8 + 5 + 0 + -11 - 1).
5
What is (6 - 2) + -1 + 1 - (154 - 146)?
-4
48 - 55 - (1 + 5 + 7 + -8)
-12
Evaluate 2 + -28 + 4 + 8.
-14
What is the value of 10 - (-4 - 7 - -22)?
-1
Evaluate 9 - (0 + -2 - (11 + -4)).
18
Evaluate (-910 - -886) + (22 - -1).
-1
What is the value of 7 + 4 + -2 + (1 - -3) + 6?
19
Calculate -7 - (-2 - (6 + (4 - 1) + 6)).
10
What is (17 - 16 - (-12 - 0)) + -5?
8
Evaluate 13 - (0 - (13 + (-15 - 1 - -11))).
21
What is the value of 4 - (-9 - (-14 + 11))?
10
(-1 - (3 + -17)) + -14
-1
Calculate -156 + 152 + -1 + 7 + -1 + 2.
3
-9 - ((-5 - -25) + -18 - (1 - 0))
-10
Calculate (-1 - -1) + 6 + -9 + -2.
-5
What is the value of 4 - (-18 - (-5 - 3) - -2)?
12
0 - (-5 + 3) - (-3 + -1 + 18)
-12
What is 39 + -28 - (25 - -2) - -2?
-14
Calculate 2 - -3 - (-11 + (-1 - -2) + 18).
-3
Calculate -19 - (10 - (-22 + 42)).
-9
-13 - (2 - -6) - -9
-12
Calculate (25 - 2) + -16 - -4.
11
Calculate 25 - (35 - (10 - -10)).
10
Evaluate 0 - 8 - (22 - (8 + 24 + -3)).
-1
2 + 0 + (-7 - -4) + 9
8
(14 + -15 - -7) + 9 + 3
18
Evaluate -23 + 20 - (36 + (11 - 18)).
-32
What is -2 + (4 - 2) + 8 + -1 - -9?
16
Evaluate (22 - 0) + (-122 - -57) + 58.
15
What is 3 + 15 + (34 - 57)?
-5
What is the value of -2 + -1 + 0 + (1 - (-5 + 1))?
2
What is the value of 0 - (-5 + 17) - (-2 + -6)?
-4
What is the value of (-8 - (8 - (-2 - -13))) + 15 - 1?
9
Evaluate -19 - -41 - 61 - -17.
-22
What is (58 - 46) + (-35 - -3) + -20?
-40
Evaluate -5 + 8 - (-47 + 32).
18
Calculate (13 - 8) + 1 + (11 - 6) + -7.
4
What is -37 + 5 - -9 - -13?
-10
What is the value of -23 + (9 - 8) + -3 + (11 - 1)?
-15
Evaluate -10 + 5 + 8 - (0 + 11).
-8
-6 - (-4 + -6 + -5 + 9) - -3
3
Calculate 2 + -1 + (-40 - -39) - 4 - -2.
-2
What is the value of -5 + (-6 - (-10 + -39 + 11) - -2)?
29
-12 + (1 - -4) - -8
1
What is the value of (16 + 8 - 10) + -37 - 7?
-30
Evaluate -9 + -5 + -7 + (-13 - -8).
-26
What is (-163 - -141) + -1 + 5 + (1 - 4)?
-21
What is (6 - (-1 + 5)) + -4 - -11?
9
What is 11 + 2 - (726 + -719)?
6
Evaluate (38 - (-4 + (-1 - -14))) + 1 + -7.
23
What is the value of -30 + 4 + -1 - -8?
-19
What is the value of -130 + 110 - (0 - 32)?
12
What is 8 - (9 + 7 + -9) - -12?
13
Calculate -2 + -1 + (-5 - (-18 - -6)).
4
12 + -8 + -6 + (-1 + 3 - 8)
-8
What is -13 - (-13 + -1) - 1?
0
What is the value of -4 - 1 - (7 + -11 + (2 - -4))?
-7
What is the value of -26 - (-8 + -29) - -17?
28
Evaluate 24 + -12 - (-6 - 0 - -1).
17
What is the value of (567 - 575) + (-11 - 0)?
-19
Calculate (13 - 3 - (1 + 4)) + -5.
0
Evaluate ((2 - -2) + 13 - 11) + (-1 - -4).
9
Calculate 11 + (6 - (14 + -2 - 2)).
7
Calculate -23 + -12 + 26 + 27.
18
What is the value of -1 + 1 + (-54 - -59) + -5?
0
Calculate 16 + (16 - (-24 - -31)).
25
Evaluate -10 - 0 - ((-23 - -19) + -2).
-4
Calculate -2 - -5 - (15 - (13 - (15 + -8))).
-6
Calculate 10 + (-8 - -16 - 2) + -19.
-3
Evaluate (-26 - 0) + (-441 - -447).
-20
What is -14 - (7 - -13 - 40)?
6
Calculate (5 - 3) + 2 - (4 - (16 + -18)).
-2
2 - 10 - (5 + (-1 - (28 - -8)))
24
What is -19 + 40 - (18 + 2)?
1
Evaluate 4 + 16 - (8 - -7).
5
Evaluate -10 - (-7 + (5 - -9) - 9) - 9.
-17
-4 + 14 + -28 + 10 - 10
-18
What is (-8 - (-8 + (-4 + 13 - 9))) + -16?
-16
Calculate (-8 - 0) + 4 + -1 + (44 - 46).
-7
Calculate -3 + -3 + 2 + -2.
-6
Calculate (5 - -22) + -27 - (-16 - -2).
14
What is the value of -2 - -22 - (17 + (19 - 32)) - -8?
24
Calculate -2 + 4 + 7 + (-9 - 0) + -18.
-18
-15 + -11 + 10 + 3
-13
What is 8 + -1 - (-149 + 158)?
-2
1 + 18 + (44 - 52) + -15
-4
What is the value of 6 - (27 + (-2 - -20) + (-39 - -30))?
-30
Calculate -5 + -1 + 7 + (2 - 1).
2
Evaluate 0 - (6 + 12 + (-8 - -2)).
-12
What is the value of 477 - 462 - (1 - -9)?
5
What is the value of 7 - (13 - 2 - (52 + -49))?
-1
25 - ((-9 - -6) + 12)
16
What is 4 + (-16 - -13) + 5?
6
Calculate 1 + 5 + -2 - (0 + -2 + 12).
-6
What is (6 - (3 - -8)) + 16 + -9?
2
(-27 - -9) + 2 + 13
-3
What is the value of 7 + 7 - (10 + 6)?
-2
What is the value of -8 - (-4 - (0 - 10) - 4)?
-10
262 + -263 + 1 + (0 - -1)
1
What is -7 + -7 + 5 - (-2 - -3)?
-10
What is -2 + -1 - ((-19 - -24) + -6)?
-2
Evaluate 5 + 4 + (-1 + 8 - 16).
0
What is -36 + (-21 - -16) + 26?
-15
What is -4 + 0 - -20 - (-1 - 5)?
22
Evaluate (4 - 4) + -3 + (-11 - 0).
-14
-14 + (17 - (4 + -16))
15
What is the value of (-15 - -6) + (3 + 47 - (4 - -4))?
33
What is the value of (1 - (16 + (-1 - 1))) + -17?
-30
What is -11 + 68 + -66 + (25 - -1)?
17
5 - (-14 - -17) - -4
6
Calculate (0 - -19) + 7 + (32 - 43).
15
What is the value of -45 + (74 - 24) - (-1 - -4)?
2
What is 11 - (-12 - ((-11 - 1) + 4))?
15
Evaluate -18 + -4 + -7 + 8 + (-1 - -10).
-12
Calculate -7 - 3 - (-2 - 38) - (3 + 1).
26
What is the value of 5 - (-9 - (1 - (17 - 10)))?
8
What is 16 + (29 - 27 - 2)?
16
What is the value of 1 - 4 - (-10 - -7) - -5?
5
Calculate 19 + 2 + (-5 - -12) + 8 + -14.
22
53 + (-11 - -24 - 39)
27
(0 - 42) + 19 + 16
-7
(-244 - -212) + (18 - 2)
-16
What is -13 + (1 - -3 - -8)?
-1
What is the value of 29 - (2 + 5 + -10 + -2 - -9)?
25
4 - (-5 - -6) - 2 - -9
10
What is 2 + 20 + (-13 + -2 - -9) + 15?
31
Calculate (-2 + -4 - (-7 - -4)) + (-4 - -4).
-3
What is 3 + (12 - 17 - -2) + 10?
10
What is the value of 27 + -18 + -2 + 0 + 4?
11
What is (1 - -36) + -196 + 184?
25
What is (-16 - -8) + 5 + (-2 - (9 + -7))?
-7
What is the value of (-56 - -30 - -46) + -15?
5
(0 - 4) + (-38 - -37) - -9 - 3
1
Calculate -14 + 41 + -29 - 11.
-13
What is the value of (1 - (3 + -2 - 0)) + -2 + 7?
5
Evaluate -3 + -6 + 5 + 4 + 6.
6
2 - (0 + -13) - 16 - (7 + -1)
-7
What is the